List the prime factors of q.
19
Let g = 537 - 535. Suppose g*h = -4*p + 1080, 1640 = 3*h - 8*p + 4*p. List the prime factors of h.
2, 17
Let b(y) = 44*y**2 - 60*y + 854. What are the prime factors of b(13)?
2, 5, 751
Suppose 3*g - 12 = -6. Let p(l) = -26*l**2 - l. Let m be p(g). Let d = m - -168. What are the prime factors of d?
2, 31
Suppose -25*x + 0*x = 73*x - 384748. What are the prime factors of x?
2, 13, 151
Suppose -10*v + 5857 = 2*c - 9*v, 9 = -3*v. Let p = c + -2068. List the prime factors of p.
2, 431
Suppose 0*b + 3*h = b - 646, 3*b - 3*h = 1926. Suppose 5*p = -0*p + b. Suppose -p + 11 = -3*z. List the prime factors of z.
3, 13
Let w(v) be the first derivative of v**3/3 + 2*v**2 + 8*v - 23. Let h be w(-13). Let x = h - 34. List the prime factors of x.
7, 13
Let p be 594/(-21) + (-2)/(-21)*3. Let x = p - -30. Suppose -3*q = -3*n - 660, x*q - 2*n - 437 = n. List the prime factors of q.
223
Suppose 33*m = 26*m + 1379. Suppose 48 = h - m. What are the prime factors of h?
5, 7
Let a(s) = 16*s + 26. Let p be a(6). Suppose 4*n = 2*u + 482, 0 = 26*n - 25*n - 2*u - p. What are the prime factors of n?
2, 3, 5
Let h be (-20)/(-12)*(-1 + 7). Suppose h*c - 4*c - 60 = 0. Let b(t) = 13*t - 15. List the prime factors of b(c).
5, 23
Let b be (7 - 5) + -7 - -13. Suppose -b*i + 291 = -461. What are the prime factors of i?
2, 47
Let m(k) = 4*k**3 + 10*k**2 - 14. What are the prime factors of m(3)?
2, 23
Let z(i) = -3*i**3 - 13*i + 22*i**2 + 11*i + 14 - 8*i. List the prime factors of z(6).
2, 7
Suppose f - 3*c - 3 = -8*c, 5*f = -5*c + 15. Suppose -3*z = -6*z + 414. Suppose -5*h + f*k = 17 - z, -k = -h + 25. What are the prime factors of h?
23
Suppose 2*w + 5*z + 783 = -w, -4*w - 4*z = 1044. Suppose -539 = 5*k + 3*p, 2*p - 216 = 4*k + 224. Let d = k - w. What are the prime factors of d?
2, 19
Suppose 243*k - 123511 = 229*k + 93797. What are the prime factors of k?
2, 3, 13, 199
Suppose 0 = 2*n + 5 - 119. Suppose 0 = -3*j + 5*d - 170, -j - 3*d - 9 = n. List the prime factors of 18/j*-5 - (-153)/2.
2, 3, 13
Let v be (-3 - 11/(-5))/((-2)/5). Let x(f) = 2*f + 6*f**2 + 23*f**2 + f - v. List the prime factors of x(2).
2, 3, 5
Suppose 2*q + 3*k = 5*q + 12, 3*k + 2 = -4*q. Let u be q/(-7) - (-10)/(-35). Suppose u = -5*c + 93 + 57. List the prime factors of c.
2, 3, 5
Let g(p) = 3*p**2 - 22*p + 11. Let t(m) be the third derivative of -m**5/60 + m**4/24 + 13*m**2. Let n(i) = -g(i) - 2*t(i). What are the prime factors of n(16)?
53
Suppose -5*p - 25 = -70. Suppose -7*m - 30 = -p*m. List the prime factors of m.
3, 5
Let p = 23428 - 12842. List the prime factors of p.
2, 67, 79
Let h = 1574 - 2780. Let y = -589 - h. List the prime factors of y.
617
Let g = -7624 - -35074. List the prime factors of g.
2, 3, 5, 61
Let m(g) = 16*g**3 - 8*g**2 - 32*g + 320. List the prime factors of m(10).
2, 5, 19
Suppose 46*y - 50*y + 12 = 0. Let q(b) = 13*b**3 + 2*b**2 - 12*b**y - 1 + 3*b**2 + 4 + b. What are the prime factors of q(-3)?
2, 3
Let t = 27327 - 12110. What are the prime factors of t?
15217
Let f be (-92)/(-322) - ((-440)/(-14))/(-2). Suppose -k + 348 = -4*y, y + 103 = -4*k + f. What are the prime factors of (-1 - 0 - 1) + y/(-1)?
5, 17
Let s(y) = 87*y + 2067. List the prime factors of s(85).
2, 3, 19, 83
Suppose w = -4*y + 123035, -6321*y + 2*w + 92257 = -6318*y. List the prime factors of y.
30757
List the prime factors of (8322/(-1))/(-24 - -7 - -15).
3, 19, 73
Let x(j) = 2*j**3 - 21*j**2 - 33*j - 28. Let y be x(12). List the prime factors of 4227/y - (-10 + (-83)/(-8)).
2, 3, 11
Suppose 0 = 4*l - v + 31843 - 161624, 2*l - 2*v = 64898. List the prime factors of l.
2, 8111
Let o(f) = -f**3 - 15. Let u be o(0). What are the prime factors of (6/u)/(19/(-25745))?
2, 271
Suppose 0 = -10*w - 136 + 196. What are the prime factors of w + 3*(-1644)/(-9) - -2?
2, 139
Suppose c - a + 3 = 4*a, -19 = -3*c + a. Suppose j + j - k = c, 3*j - 14 = 5*k. Suppose j*h = 27 + 39. List the prime factors of h.
2, 11
Let k be (-8)/(4/2) + 933 + 47. Let s = -231 + k. List the prime factors of s.
5, 149
Let i(s) be the second derivative of -s**5/20 - s**4/6 + s**2/2 - 13*s. Suppose -r - 3 = 3*t, -5*r - 1 - 14 = t. List the prime factors of i(r).
2, 5
Suppose 35*l - 14285 = 263131 + 56239. List the prime factors of l.
9533
Suppose -64*m - 50 = -69*m. Suppose 0 = -r + m - 6. Suppose -144 = 2*i - 7*i - r*y, 79 = 3*i - 5*y. List the prime factors of i.
2, 7
Suppose -5796 - 133 = 11*p. Let f = 888 + p. List the prime factors of f.
349
Suppose 4*q + 5*i + 754 = 8*q, 4*q = -5*i + 734. Suppose -2*t = -2, 2*v - 3*t = -t + q. What are the prime factors of (3 - 22 - -4)*v/(-6)?
5, 47
Suppose 15*b - 11*b - 21195 = -v, 0 = 5*v - 5*b - 105950. List the prime factors of v.
21191
Suppose 2*d + y - 7 = d, -5*d + 3*y = 5. Suppose -3*n - d*i + 154 = 0, 0 = 4*n - 2*n - 2*i - 116. Suppose 0 = -25*b + 28*b - n. What are the prime factors of b?
2, 3
Suppose 4*h - 53094 = -u, 136*h - 134*h - u - 26550 = 0. List the prime factors of h.
2, 6637
Let p(a) = 47*a**2 + 1211*a + 177. List the prime factors of p(-28).
3, 1039
Let w = -21796 + 36216. What are the prime factors of w?
2, 5, 7, 103
Suppose 2*w - 5*x = -4*x + 61, w - 43 = 3*x. What are the prime factors of 45 + (-20 + w - (-1 + 5))?
7
What are the prime factors of 2/24 + 56/(-532) + (-8181557)/(-228)?
2, 8971
Let s(p) = -3*p**3 + 4*p**2 - 143*p - 59. List the prime factors of s(-20).
3, 9467
Let p be 281*(-7 + 8)/1. Suppose 0 = 5*s - 4*g - 3258, p = s + 4*g - 361. List the prime factors of s.
2, 5, 13
Let n(u) = 10561*u + 2497. What are the prime factors of n(2)?
3, 7873
List the prime factors of 140/(-15)*((-11747)/2 + 4/4).
2, 3, 5, 7, 29
Let i be 2/4 - (-132)/24. Let k(g) = -g**2 - 1. Let m(x) = 4*x**2 + 2*x + 8. Let v(p) = 2*k(p) + m(p). List the prime factors of v(i).
2, 3, 5
Suppose 0*w - w + 454 = 2*x, 216 = x - 5*w. Suppose -7*t - x + 4237 = 0. List the prime factors of t.
3, 191
Let s(u) = -7*u**3 - 12*u**2 - 6*u - 11. Suppose -10*a - 4*v = -8*a + 6, -5*a - v = 33. List the prime factors of s(a).
2, 461
Suppose 0 = 3*p + 3*z - 80547, -5*p - 2*z = -26209 - 108039. What are the prime factors of p?
2, 3, 5, 179
Let k = 472 - -649. Let d = k + -678. What are the prime factors of d?
443
Let b(f) be the third derivative of f**5/60 + 3*f**4/8 + 8*f**3/3 + 18*f**2. List the prime factors of b(-10).
2, 13
Let s(x) = x - 47. Let i be s(26). List the prime factors of -2 + 4/((-4)/i).
19
Let f(a) = 61*a**2 + 44*a - 419. List the prime factors of f(20).
3, 8287
Let u(l) = 7*l - 262. Let t be u(38). Suppose 0 = t*c - 146 - 2626. What are the prime factors of c?
3, 7, 11
Let b(t) be the third derivative of 22*t**5/15 - 5*t**4/12 + 7*t**3/3 + 3*t**2 + 2*t. List the prime factors of b(2).
2, 173
Let i(d) = 358*d**2 + 153*d + 467. List the prime factors of i(-3).
2, 5, 17, 19
Suppose 0 = 445*t + 13*t + 5959149 - 15520815. List the prime factors of t.
3, 6959
List the prime factors of (104/72 + (-8)/18)/((-3)/(-231216)).
2, 4817
What are the prime factors of (-1146944)/(-256) + (-3)/(-4)?
4481
Suppose -3*o - 12474 = -2*n - 539, -n + 5974 = 5*o. List the prime factors of n.
47, 127
Suppose 89*m = 91*m - 80. Let f be (9/(-6))/(6/32). List the prime factors of 10/m - 710/f.
89
Let y be 108/72 + 17/2. List the prime factors of (y/30 + 1)/((-2)/(-501)).
2, 167
Let y(i) = 11*i - 22. Suppose 144 = 7*b + 9*b. What are the prime factors of y(b)?
7, 11
What are the prime factors of ((-646)/(-152))/(6/95928)?
7, 17, 571
Suppose 0 = 5*z + 5*h - 29210, z - 13*h = -8*h + 5830. List the prime factors of z.
2, 5, 73
Let j(o) = -o**2 + 6*o + 34. Let t be j(8). Let b(a) = -a**3 + 16*a**2 + 35*a + 34. List the prime factors of b(t).
2
Suppose -8*q - 539070 = -127*q. List the prime factors of q.
2, 3, 5, 151
Suppose -3*m + 2*z = 634, -11*z = -5*m - 8*z - 1056. Let u(w) = 25*w + 4. Let g be u(-5). Let o = g - m. What are the prime factors of o?
89
Suppose -2*c = 3*k + c - 24, -2*k + 21 = 3*c. Let b(x) = -8*x - 673. Let n be b(-59). What are the prime factors of n/(-9)*k + 2?
3, 23
Let z = 24 - 18. Let d be (-16)/(-72) + (-16)/(-9) + 394. Suppose -z*v = -2*v - d. List the prime factors of v.
3, 11
Let o(l) = 101*l**2 - 86*l - 1170. List the prime factors of o(-18).
2, 3, 613
Suppose 0 = -6*x - 